.
3, 157
Suppose -2*m - 2*t = -288, -2*m + 262 = 5*t - 17. What are the prime factors of m?
3, 7
Let y(h) = -h**3 + 11*h**2 - 12*h + 11. Let x be y(10). Let m = -3 - x. What are the prime factors of m/3 + 5 + 2?
3
What are the prime factors of (-4376)/(-30) + 12/90?
2, 73
Suppose v + 1 = n, 0 = 2*v + v - 2*n + 6. What are the prime factors of v/(-10) - 5502/(-70)?
79
Let m = 694 - 254. What are the prime factors of ((-1)/2)/((-22)/m)?
2, 5
Let u = 1409 + -764. Let j = u - 421. What are the prime factors of j?
2, 7
Suppose -2*w + w + 3*o + 301 = 0, 0 = -3*o - 3. What are the prime factors of w?
2, 149
Suppose -4*o + 0*m - m = -14, -m + 8 = 2*o. Let d(j) = -j**2 + 4*j - 6*j + 28*j**3 + 3 - 4 - 50*j**o. What are the prime factors of d(-1)?
2, 11
Let a = 127 + -59. Suppose 0 = -2*n + 3*c + a, n = -c + 29 + 5. Suppose -o - 5*z = 2*o, 0 = -5*o + 3*z + n. What are the prime factors of o?
5
Let q(l) = 120*l - 27. List the prime factors of q(5).
3, 191
Let u = -18 - -18. Let x = -9 - u. Let s = x - -31. List the prime factors of s.
2, 11
Let l = 10 - 6. Let o(b) = b**3 + l*b**3 - 7*b + 3 - 2*b**3 - 6*b**2 - 2*b**3. What are the prime factors of o(7)?
3
Let f(l) = -365*l - 487. What are the prime factors of f(-7)?
2, 11, 47
Suppose -z + 5*z - 36 = -5*o, -5*o + 20 = 0. Suppose z*j - 176 = 76. What are the prime factors of j?
3, 7
Suppose -5*m = 3*v - 30, -m - 5 = -4*v + 4*m. What are the prime factors of (-2)/v + (-4114)/(-110)?
37
Let t = -54 + 52. Let x(d) = 56*d**2 - d - 8. List the prime factors of x(t).
2, 109
Suppose -5*d - 140 = 4*r, 0*d + 2*d + 5*r = -56. Let o be (-2 + (2 - 1))*d. List the prime factors of ((-25)/(-4))/(7/o).
5
Suppose -9*q + 6 = -5*q + f, 5*q - 3 = f. Let k(t) be the second derivative of 13*t**4/12 - t**3/6 + 61*t. What are the prime factors of k(q)?
2, 3
Suppose -i = -0*i + 4*p - 453, -i + 2*p = -435. List the prime factors of i.
3, 7
Let q(i) = 4*i**2 - 30*i - 159. What are the prime factors of q(-13)?
907
Let b be (-4)/(-3)*((-42)/(-4))/7. Suppose -16 = 4*h, b*g + 3*g + h - 401 = 0. What are the prime factors of g?
3
Suppose 9*j - 4689 = -648. List the prime factors of j.
449
Let w = 3056 - 1824. What are the prime factors of w?
2, 7, 11
Let l(z) = 308*z**2 + z + 2. What are the prime factors of l(3)?
2777
Let v = 6 - 6. Let z(h) = v + 4 - 2*h**3 + 0 + h**2. What are the prime factors of z(-3)?
67
Suppose -2*p + 14 = 220. Let g = -43 - p. What are the prime factors of g?
2, 3, 5
Suppose 0 = 5*k + 673 + 107. What are the prime factors of (-12)/16 - k/16?
3
Let k be (-284)/(-3) + -4*2/12. Suppose 3*u = 77 + k. What are the prime factors of u?
3, 19
Let s(b) = -53*b + 50. List the prime factors of s(-2).
2, 3, 13
Suppose y = 3, 0 = 3*c - 2*c - y - 1388. What are the prime factors of c?
13, 107
Suppose -323 = -n - 4*g, 66*n - g = 65*n + 303. List the prime factors of n.
307
Let l(d) = -d**3 - 5*d**2 + 5*d - 3. Let f be l(-6). Suppose 5*u = -4*a + 347, a = f*a + 2*u - 172. List the prime factors of a.
83
Let r(n) = -n**2 + 10*n - 25. Let l be r(5). Suppose -5*f + 204 + 51 = l. List the prime factors of f.
3, 17
Suppose -3*q - 4*r + 5917 = 0, 2*q - 3922 = -11*r + 14*r. List the prime factors of q.
7, 281
Let b(d) be the third derivative of 3*d**2 - 5/6*d**3 + 0 - 1/24*d**4 + 0*d. What are the prime factors of b(-10)?
5
Suppose 6*d - 60 - 12 = 0. Suppose -585 = -d*q + 3*q. List the prime factors of q.
5, 13
Suppose 7*c - 2*c - 3452 = -3*i, 3*c - 3*i = 2076. List the prime factors of c.
691
Let v(i) = -i**2 - 17*i - 7. Let l(h) = -h**2 - 11*h - 9. Let d be l(-10). Let q be 1/(d - 0) - 17. List the prime factors of v(q).
3
Suppose -4*j - 6 = -6*j. Suppose j*q - 2*q = 67. What are the prime factors of q?
67
Suppose r + 0*z - 5*z - 268 = 0, 2*r + 2*z = 584. What are the prime factors of r?
2, 3
Suppose -2*q = -0*q - 6. Suppose -q*k + 568 = k. What are the prime factors of k?
2, 71
Suppose 15*m - 2925 - 540 = 0. What are the prime factors of m?
3, 7, 11
Let g = 1297 + -679. List the prime factors of g.
2, 3, 103
Let c(w) = 2*w**2 - 45*w + 6. What are the prime factors of c(32)?
2, 307
Suppose -4 - 5 = -3*m. Suppose m = -n - 6. Let o = n - -19. What are the prime factors of o?
2, 5
Let w(n) = 8*n**2 - n - 9. Let g be w(3). Let y = g + 25. List the prime factors of y.
5, 17
What are the prime factors of (40/(-6))/((-84)/11214)?
2, 5, 89
Suppose 5*g - 17*y - 8960 = -12*y, 3*y = -5*g + 8960. List the prime factors of g.
2, 7
Suppose 2*w + 34 = 14. Let u = 31 + w. List the prime factors of u.
3, 7
Suppose 0 = -2*f + 5*y + 288, 3*f + 153 = 4*f + 2*y. List the prime factors of f.
149
Let x be 3 - (0 + 0 + 29). Let n be (-3)/2 + x/(-4). Suppose 5*q = 2*q + 4*d + 73, -n*q = 5*d - 110. List the prime factors of q.
23
Let w = -6 + 4. Let i be w/4 - 5/(-2). Suppose 7*o - i*o - 210 = 0. What are the prime factors of o?
2, 3, 7
Let o(f) be the first derivative of 0*f + 2 + 3*f**3 + 3/2*f**2. List the prime factors of o(-2).
2, 3, 5
Let x = -28 + 22. List the prime factors of 45/(-5)*4/x.
2, 3
Let c = 19 + -13. Let h(s) = 7 - 5*s - s - 2*s + 8*s**2 - s**3. List the prime factors of h(c).
31
Suppose -f + 3*h = -h, 0 = 3*f - 3*h. Let i(d) = d - 91. Let a be i(f). Let r = -61 - a. List the prime factors of r.
2, 3, 5
Let f(q) = q + q**3 - 2*q**2 - 9 + q**2 + 5*q + 3*q. What are the prime factors of f(6)?
3, 5
Let b(j) = j**3 + 10*j**2 - 3*j - 1. Suppose 9*q + 49 = -32. List the prime factors of b(q).
107
Suppose i + 23 = 5*j, 0 = -4*j - 0*j - i + 13. Suppose 6*a - 16 = j*a. What are the prime factors of a?
2
Let t = -41 - -76. List the prime factors of (-2)/((1/(-22))/(t/14)).
2, 5, 11
Let w = 67 + -72. What are the prime factors of (-613)/w - (1 - (-21)/(-15))?
3, 41
Let u = -6 - -11. Suppose -2*r = 3*s - 240, -u*s + 2*r + 240 = -2*s. List the prime factors of s.
2, 5
Suppose y + 8 = 3*y, -2*k + 2644 = -3*y. Suppose -k = -4*g - 4*g. List the prime factors of g.
2, 83
Let n be -3 - (-3 + (0/2)/1). Suppose 2*j - 385 + 43 = n. List the prime factors of j.
3, 19
Suppose 3*x = -3*h + 165, 3*h = 3*x + 77 - 224. Suppose 0 = -3*l + 187 - x. What are the prime factors of l?
3, 5
Suppose 7*x - 2*x = 0. Suppose x = w - 3 - 1. Suppose -w*s - 2 - 44 = -5*y, -3*y = -s - 29. List the prime factors of y.
2, 5
Let s(t) = -t**2 - 4*t + 2. Let n be s(-4). Suppose -n*l = 37 + 5. Let i = l + 29. What are the prime factors of i?
2
List the prime factors of 300032/(-192)*6/(-8).
2, 293
Let n = 1 + -1. Suppose n = 4*y - 3*u - 62, 0*y - 2*u - 60 = -4*y. Let s(v) = -v**3 + 13*v**2 + 16*v - 19. What are the prime factors of s(y)?
3
Let g(q) be the second derivative of q**5/20 + q**4/2 - 2*q**3/3 + q**2 + q. Let h = 2 + -8. What are the prime factors of g(h)?
2, 13
Suppose -6*u + 2*u - 8 = 0. Let v be u*(602/4)/(-7). Suppose -g - a = -v, -5*g = -a - 39 - 164. List the prime factors of g.
41
Suppose 3*r = 5*q + 25, 5*r - 3*q + q - 10 = 0. Suppose -p - p + 170 = -d, 3*p - d - 254 = r. What are the prime factors of p?
2, 3, 7
Suppose 5*p - 3852 = -7*p. What are the prime factors of p?
3, 107
Let i(x) = 197*x**2 - 18*x + 53. What are the prime factors of i(4)?
13, 241
Let v = 1524 + 1420. What are the prime factors of v?
2, 23
List the prime factors of (4/6)/(56/126)*522.
3, 29
Suppose 13082*q - 5775 = 13075*q. List the prime factors of q.
3, 5, 11
Suppose -4*q + 18 = -5*v, -5*v + 5*q - 19 = 1. What are the prime factors of (v + -13)/(-1) - (-8 + 5)?
2, 3
Let h be (-1644)/(-5) + 2/10. Suppose -5*q - h = -2*x - 0*x, 0 = -5*x - q + 836. What are the prime factors of x?
167
Let o(m) = 36*m - 18. Let f be o(5). Suppose -s = -5*c + 263, -c + 4*c = 2*s + f. What are the prime factors of c?
2, 13
Let o(q) = q**2 + 22*q - 32. Let n be o(-25). Let x = n - 22. List the prime factors of x.
3, 7
Let w = -39 - -43. Suppose -2*h - 2*h - k = -275, -4*k - w = 0. What are the prime factors of h?
3, 23
What are the prime factors of 1 + 940 + 6 + -1 - 4?
2, 3, 157
Let h be 2*(2 - 4/4). Suppose -2*p - 10 = -3*t + 5, 2*p = -h*t. What are the prime factors of t?
3
What are the prime factors of ((-3768)/14)/((-78)/273)?
2, 3, 157
Let i(a) = -70*a - 24. Let d be i(-2). Let c = 21 + d. What are the prime factors of c?
137
Suppose -f + 16 = 3*f. Suppose 4*c + c - 4*v - 130 = 0, 3*v = -f*c + 104. List the 